{"id":45,"date":"2024-10-09T14:08:48","date_gmt":"2024-10-09T12:08:48","guid":{"rendered":"https:\/\/neu.physio-estermann.at\/?page_id=45"},"modified":"2024-10-09T14:29:37","modified_gmt":"2024-10-09T12:29:37","slug":"impressum","status":"publish","type":"page","link":"https:\/\/physio-estermann.at\/?page_id=45","title":{"rendered":"Impressum"},"content":{"rendered":"\n<p><\/p>\n\n\n\n<p><\/p>\n\n\n\n<p>Information gem\u00e4\u00df \u00a75 E-Commerce Gesetz und Offenlegung gem\u00e4\u00df \u00a725 Mediengesetz<\/p>\n\n\n\n<p>Doris Estermann<\/p>\n\n\n\n<p>Neuhoferweg 2<\/p>\n\n\n\n<p>4910 Ried im Innkreis<\/p>\n\n\n\n<p>\u00d6sterreich<\/p>\n\n\n\n<p>\u200b<\/p>\n\n\n\n<p>Unternehmensgegenstand:<\/p>\n\n\n\n<p>Physiotherapie<\/p>\n\n\n\n<p>\u200b<\/p>\n\n\n\n<p>Kontaktdaten:<\/p>\n\n\n\n<p>Tel.:&nbsp; &nbsp; &nbsp; &nbsp;+43 676 83911 418<\/p>\n\n\n\n<p>E-Mail:  doris.estermann@gmx.at<\/p>\n\n\n\n<p>\u200b<\/p>\n\n\n\n<p>Aufsichtsbeh\u00f6rde:<\/p>\n\n\n\n<p>zust\u00e4ndiger Berufsverband:<\/p>\n\n\n\n<p>PhysioAustria, berufspolitische Vertretung der PhysiotherapeutInnen \u00d6sterreichs &nbsp;<a href=\"http:\/\/www.physioaustria.at\/\" target=\"_blank\" rel=\"noreferrer noopener\">www.physioaustria.at<\/a><\/p>\n\n\n\n<p>\u200b<\/p>\n\n\n\n<p>Hinweis auf Zugeh\u00f6rigkeit zur Berufsvertretung:<\/p>\n\n\n\n<p>Physio Austria Mitglied<\/p>\n\n\n\n<p>\u200b<\/p>\n\n\n\n<p>Berufsbezeichnung:<\/p>\n\n\n\n<p>Physiotherapeut<\/p>\n\n\n\n<p><\/p>\n","protected":false},"excerpt":{"rendered":"<p>Information gem\u00e4\u00df \u00a75 E-Commerce Gesetz und Offenlegung gem\u00e4\u00df \u00a725 Mediengesetz Doris Estermann Neuhoferweg 2 4910 Ried im Innkreis \u00d6sterreich \u200b Unternehmensgegenstand: Physiotherapie \u200b Kontaktdaten: Tel.:&nbsp; &nbsp; &nbsp; &nbsp;+43 676 83911 418 E-Mail: doris.estermann@gmx.at \u200b Aufsichtsbeh\u00f6rde: zust\u00e4ndiger Berufsverband: PhysioAustria, berufspolitische Vertretung der PhysiotherapeutInnen \u00d6sterreichs &nbsp;www.physioaustria.at \u200b Hinweis auf Zugeh\u00f6rigkeit zur Berufsvertretung: Physio Austria Mitglied \u200b Berufsbezeichnung: [&hellip;]<\/p>\n","protected":false},"author":1,"featured_media":0,"parent":0,"menu_order":0,"comment_status":"closed","ping_status":"closed","template":"","meta":{"footnotes":""},"class_list":["post-45","page","type-page","status-publish","hentry"],"_links":{"self":[{"href":"https:\/\/physio-estermann.at\/index.php?rest_route=\/wp\/v2\/pages\/45","targetHints":{"allow":["GET"]}}],"collection":[{"href":"https:\/\/physio-estermann.at\/index.php?rest_route=\/wp\/v2\/pages"}],"about":[{"href":"https:\/\/physio-estermann.at\/index.php?rest_route=\/wp\/v2\/types\/page"}],"author":[{"embeddable":true,"href":"https:\/\/physio-estermann.at\/index.php?rest_route=\/wp\/v2\/users\/1"}],"replies":[{"embeddable":true,"href":"https:\/\/physio-estermann.at\/index.php?rest_route=%2Fwp%2Fv2%2Fcomments&post=45"}],"version-history":[{"count":3,"href":"https:\/\/physio-estermann.at\/index.php?rest_route=\/wp\/v2\/pages\/45\/revisions"}],"predecessor-version":[{"id":53,"href":"https:\/\/physio-estermann.at\/index.php?rest_route=\/wp\/v2\/pages\/45\/revisions\/53"}],"wp:attachment":[{"href":"https:\/\/physio-estermann.at\/index.php?rest_route=%2Fwp%2Fv2%2Fmedia&parent=45"}],"curies":[{"name":"wp","href":"https:\/\/api.w.org\/{rel}","templated":true}]}}